4*j**3 + j**2/2 + 30*j. Determine v(1).
-23
Suppose -2*k = -4*x - 6*k + 20, -4*x = 3*k - 18. Let u(o) = -3 + x*o + 0*o - 6*o. Calculate u(-2).
3
Let b = 2 + 4. Let p(y) = 1 + 6 - y - 2 - 2. What is p(b)?
-3
Let v(l) be the second derivative of -l**5/60 + 5*l**4/24 + l**3 + l**2 - 2*l. Let x(n) be the first derivative of v(n). What is x(5)?
6
Let h(q) = q + 4. Suppose -t + 6 = -4*t. Let c(s) = s**3 + s**2 - 2*s - 3. Let w be c(t). Give h(w).
1
Let s(t) = 3*t + 6. Suppose -4*m = -3*j + 1, 0 = -3*j + 3*m + 3 - 6. Give s(j).
-9
Let s(t) = -t**2 + t + 2. Let u be (-1)/(-3) - 10/(-6). Let i be s(u). Let c be (-2 - i)*(-3)/6. Let a(k) = -3*k**3 + k**2 - 1. Calculate a(c).
-3
Let b = 8 + -11. Let y be (-4)/(-14) - (-6)/(-21). Let r(n) = -2*n**2 - 4 + y*n**3 - n**3 + 3*n - n. Give r(b).
-1
Let v(x) = -x**2 + 5. Let m(g) = 3*g + 5. Let t be m(-3). Calculate v(t).
-11
Let v(u) be the first derivative of u**3/3 - u**2 - 7*u + 13. Determine v(4).
1
Suppose s - 5 = 1. Let j(r) = r**3 - 6*r**2 - 2*r + 1. Determine j(s).
-11
Let a(s) = 47*s**2 + s + 3. Let k(n) = 16*n**2 + 1. Let i(u) = -6*a(u) + 17*k(u). Let j(l) = l**2 + l. Let v(y) = i(y) + 6*j(y). Let z = 1 + -2. What is v(z)?
-5
Let s(m) = -m**2 - 2*m - 1. Suppose 15 = -5*c - 0*c. What is s(c)?
-4
Let f = 11 + -8. Let n(v) = -2 + 3*v**3 - 3*v**2 - 1 - 4*v**f - 2*v. Let p(g) = -g + 3. Let r be p(5). What is n(r)?
-3
Let u(h) = 11*h**3 + 2*h**2 + h. Let x be (-6)/(-4)*16/(-24). What is u(x)?
-10
Let d(y) = y**3 - 5*y - 2. Let q be ((-2)/(-4) - 1)*6. Calculate d(q).
-14
Let j(b) = -b**3 - 3*b**2 - 2*b + 2. Let r(i) = i**3 + 3*i**2 + 4*i + 2. Suppose 5*a + 3 = 2*a - 3*q, 0 = -3*a + 2*q - 8. Let h be r(a). Determine j(h).
2
Let p be -12*((-27)/6)/(-3). Let t be 7/(-9) - (-4)/p. Let l(h) = h. Let m(a) = 9*a + 1. Let c(i) = -2*l(i) + m(i). Determine c(t).
-6
Let x(l) = -3 + 2 + l + 1. Let v(u) = 2*u**3 + 3*u**2 + 3*u - 2. Let n(d) = -v(d) + 4*x(d). Determine n(-2).
4
Let z be -3*3/(-9)*2. Let j(p) = -p**z + 2*p + 1 - 3*p + 2*p**2 + 5*p. Determine j(-4).
1
Let f(g) = 6*g. Suppose 3*z + 7 = 10*z. Give f(z).
6
Let s(z) be the first derivative of 0*z - 3 - 2/3*z**3 - z**2 - 1/4*z**4. Calculate s(-2).
4
Let m(x) = x**3 - 3*x + 2. Let t be m(2). Let r(b) = b**2 - 5*b - 2. Calculate r(t).
-6
Let k(r) = 3*r**3 + r. Suppose -u = t - 5*u + 19, -2*t = 4*u - 22. What is k(t)?
4
Let y(p) be the third derivative of 1/6*p**3 + 0 + 1/40*p**6 - 1/24*p**4 - p**2 + 0*p + 1/60*p**5. Give y(1).
4
Let s(b) = -2*b**2 - 20*b - 15. Let a be s(-9). Let u(f) = f**2 - 3*f - 4. Determine u(a).
-4
Let p(l) be the first derivative of l**4/4 - 5*l**3/3 - l**2 + 7*l - 20. Give p(5).
-3
Let m(r) = 14*r**3 - r**2 + 2*r - 1. Suppose -2*i - d - 3 = -8, -5*i = -3*d + 4. Determine m(i).
14
Suppose -6*b - 24 = -10*b. Let s(k) = k**2 - 2*k - 7. Calculate s(b).
17
Let b(c) = -c**3 + c**2 + 12. Suppose -2*f + 11 = -3*w + 8, 4*f + 3 = -3*w. Give b(f).
12
Let n(d) = -15*d + 1. Let v(c) = 10*c - 1. Let a = -19 + 11. Let u(x) = a*v(x) - 5*n(x). Calculate u(2).
-7
Let l be 12/9 + (-2)/6. Suppose l + 1 = -b. Let q(r) = -3*r + 2. Give q(b).
8
Let n(b) be the third derivative of b**4/24 - 2*b**3/3 - b**2. Let o be 2 + (3 - 3) + -1. Let c be (-4 + 5)/(o/3). Give n(c).
-1
Let c(y) = 2 + 0*y**2 - 3*y**2 + y**3 - 7*y + 2*y. Suppose -n - 20 = -6*n. Suppose 0 = -d + n*v + 1 - 5, 24 = 4*d + 4*v. Calculate c(d).
-2
Let q(f) = -f**2 - 8*f + 1. Let y be q(-8). Let a(c) = 3*c**2 + y + 4*c + 2 + 0*c**2 - 2*c**2. Suppose 1 = -d - 3. Determine a(d).
3
Suppose 0*i = 5*i - 25. Let y(l) be the first derivative of l**2/2 - 5*l - 1. Calculate y(i).
0
Let v(l) = l**3 - 6*l**2 + 7*l - 6. Let s be ((-30)/(-9))/((-2)/(-9)). Suppose -3*h - s = -6*h. Give v(h).
4
Let k(u) = -15*u**2 - u + 2. Let b be k(2). Let t be 8/6*b/8. Let g = t + 6. Let q(r) = -r**2 - 3*r. Give q(g).
-4
Let t(x) be the third derivative of -x**9/60480 + x**8/6720 - x**7/1260 + x**6/240 - x**5/30 - 3*x**2. Let i(f) be the third derivative of t(f). Give i(2).
-1
Let h be 11/(-3) + 12/18. Let k(n) = 1 - 2*n + n**2 - 2*n**2 - 3. Determine k(h).
-5
Let x be 2/5 + (-66)/15. Let i(v) = 3*v**2 + 12*v - 16. Let j(s) = -2*s**2 - 8*s + 11. Let g(p) = -5*i(p) - 7*j(p). Give g(x).
3
Let k(l) = l**2 + 3*l + 2. Suppose -3*m = -5*m + 4. Suppose -g + m*v - 11 = 0, -v + 0*v - 8 = 4*g. What is k(g)?
2
Let a be 10/(-315)*-7 + (-22)/18. Let b(p) = 7*p**3 - p**2 + 1. Give b(a).
-7
Suppose 29 = -6*f - 1. Let p(g) = g**3 + 5*g**2. Give p(f).
0
Let t(n) = n + 7. Let o be t(-7). Let u(z) = -1 + 5 - z + o. Let k(y) = y**2 + 3*y + 2. Let v be k(-2). Give u(v).
4
Let k(j) be the third derivative of -j**7/2520 + j**6/144 - j**5/60 - j**4/24 + 4*j**2. Let t(y) be the second derivative of k(y). What is t(6)?
-8
Let w be (0*3/12)/(-2). Let a(s) = 4 - s + w + 6*s - s**2 - 1. Calculate a(6).
-3
Let o(u) = -u + 4. Suppose 4 = 4*j - 8. Suppose -j*h + 9 = -3*l - 0*h, -15 = 5*l + 3*h. Give o(l).
7
Suppose -35*d + 31*d + 24 = 0. Let y(n) = n**3 - 7*n**2 + 7*n - 8. Determine y(d).
-2
Let t(q) = -5 + q + 2 + 5. Suppose -3*k + 0*m + 36 = -3*m, m = 2*k - 22. Let b be 48/(-20) - (-4)/k. What is t(b)?
0
Let t(m) = -4*m + m - 2*m**2 + 4*m**3 - 5*m**3 - 3*m**2. What is t(-4)?
-4
Let w(t) = t**3 - t**2 + t - 5. Let b(l) be the first derivative of l**4/4 + l**3 + 3. Let m be b(-3). Suppose -2*o + o = m. Give w(o).
-5
Let x(k) be the first derivative of -k**4/4 + 4*k**3/3 - 3*k + 4. Let i be x(3). Let v(z) be the first derivative of z**3/3 - 4*z**2 + 6*z + 1. Calculate v(i).
-6
Suppose 17 = r - 4. Let l(g) = 4 - 23*g**3 - 3 + r*g**3 - g. Calculate l(1).
-2
Suppose 5*s = 7 - 2. Let a(o) = -11*o - 1. Give a(s).
-12
Let f(n) = n**3 - 4*n**2 - 5*n + 3. Suppose 19 = 7*z - 9. Determine f(z).
-17
Let d(v) be the second derivative of v**5/20 - 2*v**4/3 + v**3 - 3*v. Let r be d(7). Let p(y) = -y**2 - 6*y + 10. Calculate p(r).
3
Let b(x) = -x**3 - 5*x**2 + 8*x + 14. Let z be b(-6). Let p(r) be the second derivative of -1/20*r**5 - 2/3*r**3 + r**2 + 0 + z*r + 1/2*r**4. Give p(5).
7
Let v(d) be the third derivative of -d**5/60 + 7*d**4/24 + 5*d**2. What is v(6)?
6
Let u(b) = 10*b. Let o = -24 - -27. Let p be o/36*3*-4. Determine u(p).
-10
Suppose 5*l = -5*t - 15, 4*l + 13 = -3*t - 2*t. Let m(j) = j + 2. Calculate m(l).
0
Let m(x) = -2*x - 17. Let a(h) = -h - 8. Let r(c) = 13*a(c) - 6*m(c). Give r(0).
-2
Let q(v) be the third derivative of 0*v + 2*v**3 - 1/24*v**4 + 3*v**2 + 0. Determine q(6).
6
Suppose 3*f - 2 = -l, 2*l + 3 = 5*f + 4*l. Let q(w) = 0 - f - 6 + w. Give q(4).
-3
Let t be -6*(-1 + 4/3). Let m(f) = 2*f**2 - 2*f - 2. Calculate m(t).
10
Let x(c) = -c**3 - 3*c**2 - c - 1. Let h = 1 + -2. Suppose -5*a - 4*q = -0*q - 3, -7 = 3*a - 2*q. Let z be (1 - h)/a + -1. What is x(z)?
2
Let w(a) = 9*a**3 - 13*a**2 + 11*a - 5. Let y(g) = -5*g**3 + 7*g**2 - 6*g + 2. Let s(u) = -6*w(u) - 11*y(u). Let z = 114 - 114. Give s(z).
8
Let j = 65 - 65. Let m(x) be the third derivative of -1/60*x**5 - 1/3*x**3 + 3*x**2 + j + 0*x - 1/24*x**4. Determine m(0).
-2
Let o = 12 - 7. Let v(l) = 1. Let d(m) = m - 5. Let z(p) = -d(p) - 3*v(p). Calculate z(o).
-3
Let k(z) = -17*z**3 + 4*z**3 + 0*z**2 - 1 + 2*z**2. Suppose 2*x - 12 = 2*p - 8, 4*x - p = 5. Determine k(x).
-12
Suppose 3*x = -3*f + 5*x + 8, 3*x + 12 = 2*f. Let a(h) = h**3 + h**2. Determine a(f).
0
Suppose 8*l + 27 = -5. Let r(k) = -3*k**3 - 5*k**2 - 4*k + 4. Let t(j) = 4*j**3 + 5*j**2 + 4*j - 4. Let s(b) = -3*r(b) - 2*t(b). What is s(l)?
-4
Let b(f) = -f**2 + 8*f - 5. Let z be (12/(-9))/((-1)/3). Suppose -5*v + 4*r = -56, r + 12 = -v - z*r. Determine b(v).
-5
Suppose -a - 4 = a. Let o(y) = 3*y**2 - 6*y + 3. Let z(s) = 7*s**2 - 13*s + 6. Let r(h) = a*z(h) + 5*o(h). What is r(3)?
0
Let o = -55 - -63. Let n(q) = q - 7. Determine n(o).
1
Let y = 32 - 34. Let x(v) = v**2 + 1. Let q(l) = -l**3 - l**2 - l + 1. Let d(g) = q(g) - 2*x(g). Determine d(y).
-3
Let j be -1 + -1 - -3*1. Let m(d) = d**2 - 5*d - 3*d**2 - 4 + 6*d + 3. Give m(j).
-2
Let j(n) = 2*n**2 - 2*n. Suppose 0 = -3*q - 3*a - 21, -q + 0*a - 3*a = 17. Give j(q).
12
Let c(f) = -f**3 + 5*f**2 + 4*f + 2. Let s = 30 + -24. Calculate c(s).
-10
Suppose -35 = -5*h + 7*j - 2*j, -2*j = 2. Suppose 2*z - 3*c = 11, -h*c = -2*z - 4*c + 10. Let o(l) = z - l - 2 - l + 1. Calculate o(-4).
11
Let d